 u(n) = -6*b(n) + 7*p(n). Let x = 3 + -8. Determine u(x).
-4
Let o(w) = -w**2 - 5*w - 1. Let k be o(-4). Let x(v) = 0*v - 3*v - v + k*v. Let c(b) = -b + 5. Let d be c(6). Give x(d).
1
Let c = 9 + -2. Let r = c + -3. Let w(a) = a - r*a**2 - 2*a + 3 - 4. What is w(-1)?
-4
Let o(z) = z - 1. Let i(g) = 4*g**2 - 2*g + 9. Let l(s) = i(s) + 2*o(s). Let j(c) = -5*c**2 - 8. Let f(t) = 5*j(t) + 6*l(t). Give f(2).
-2
Suppose -5*h = -2*n + 15, -5*h = -h - 3*n + 19. Let c(g) = -1 + 1 - 11*g. Calculate c(h).
11
Let b(l) be the third derivative of -l**6/20 + l**4/12 + l**3/6 - 16*l**2. Give b(-1).
5
Let m(z) = -3*z**3 - z**3 + 6*z + 6*z**2 + 6 + 5*z**3. Let p = 16 - 10. Let j be (-5)/(3*2/p). Determine m(j).
1
Let s(z) = -z**3 + 7*z**2 + 4*z - 5. Let a(l) = 3*l**3 - 15*l**2 - 9*l + 11. Let t(r) = 2*a(r) + 5*s(r). Let q = 10 + -16. Let o be 6/((q/4)/1). Give t(o).
5
Let k be ((-18)/27)/((-2)/(-3)). Let l(b) = -3*b**3 - 2*b**2 - 2*b - 1. Let o be l(-1). Let d(n) = 6*n**2 + 2 - 5*n**o - 1. Calculate d(k).
2
Let s(b) = b - 2. Suppose 0*l + 8 = 4*l. Let y be 2 - l - (-1 + 0). Let t be -2 - (-1 + (0 - y)). Calculate s(t).
-2
Let x be 3/6*2 - -8. Suppose -2 = 4*i + f - 15, 0 = 4*i - 3*f - x. Let u(y) = y**2 - y + y**3 - 2*y**i + y**2. Determine u(2).
-2
Let w(i) = i**3 + 2*i**2 - 3*i - 3. Let l be -4 + ((-1)/1 - -5). Suppose l*q - 9 = 3*q. Calculate w(q).
-3
Let b(y) = 3*y + 32 + 40 - 73. Determine b(3).
8
Let y(o) = 6*o + 2. Let t(c) = -c - 1. Let d(r) = 4*t(r) + y(r). Let z be (7 - 1)*2/4. Suppose 4*i + z + 5 = 0. Determine d(i).
-6
Let v = -1 - -5. Let k(n) = n**2 - n - 4. What is k(v)?
8
Suppose -h - 3*t + 1 - 4 = 0, 0 = -2*h - 4*t - 6. Let f(k) = 4*k**2 - 3 - 3*k**2 + 0*k**2 + 2*k. Give f(h).
0
Suppose -5*l - 17 = -4*t + 1, 4*t - 3*l - 14 = 0. Let v(i) = i**3 + 7 + 6*i + 4*i**2 - 6*i**2 - 2*i**t - 4*i**2. Determine v(7).
0
Let j(h) = -h**3 - 9*h**2 - h + 55. Let m be j(-8). Let t(q) = 119*q + 42. Let z(v) = 14*v + 5. Let a(g) = -5*t(g) + 42*z(g). Determine a(m).
7
Let a(i) = -i**3 - 5*i**2 - 4*i. Let n = 11 + -14. Determine a(n).
-6
Let u(o) = o**2 - 13*o + 36. Let g be u(7). Let p(k) = k + 1. Let j(t) = -t**3 - 5*t**2 + 7*t + 4. Let x(r) = j(r) - 2*p(r). What is x(g)?
8
Let t(f) = 4 - 6*f + 226*f**3 + 5*f**2 - 225*f**3 - 1. Determine t(-6).
3
Let w(z) = z**2 + 5*z + 5. Suppose o + 24 + 0 = -4*g, -4*g - 32 = 3*o. What is w(o)?
1
Suppose -4*p = -5*o + 18, -2*p - 7 = -4*o + 5. Let n(i) = 3*i + 2*i + 4 - 4. Calculate n(o).
10
Let h(g) = -g - 6. Let d(m) = 1. Let s(t) = -6*d(t) - h(t). Suppose -w - 2*l - 7 = 0, -2*w - l + 3 = 8. Calculate s(w).
-1
Let c(p) = 2 - 5*p + 2*p**2 - 13*p + 16*p. Let k be c(2). Let a(u) be the second derivative of -u**3/3 + 3*u**2 - 3*u. Calculate a(k).
-6
Let f(r) = -2*r**2 + r**2 - 38*r - 4 + 44*r. Calculate f(6).
-4
Let n(x) = x**3 + x**2 - 2. Suppose -11*o + 12*o = -2. Calculate n(o).
-6
Let d(q) = -4*q. Let n = 9 - 2. Let k = n - 12. Let i(s) = s + 4. Let j be i(k). Give d(j).
4
Let m(k) = k**2. Suppose -c = -2*c - 1. Let a be m(c). Let q(p) be the second derivative of -p**3/6 - p**2/2 - 2*p. Determine q(a).
-2
Let g(q) = -3*q + 1. Suppose 2 = 5*j - 3. Let m be g(j). Let b(p) = 2*p**2 + p. Give b(m).
6
Let d be 5 + (-1)/1 - 1. Let i be 4/(-3*(-4)/6). Let a(x) = -5*x**2 + 5*x**i - d*x**2 + 3*x - 1 - x**3. Calculate a(-4).
3
Let c = 21 + -24. Let z(k) = k**3 - k**2 - 3*k + 2. Let q(j) = 3*j**3 - 2*j**3 - 2*j**3 + 2*j - 1. Let d(v) = -6*q(v) - 5*z(v). Determine d(c).
5
Let h(i) = 4*i + 10. Let o(w) = -4*w - 12. Let q(r) = 7*h(r) + 6*o(r). Give q(-4).
-18
Let w(v) = -8*v**2 + 2*v + 3. Let g(n) = -7*n**2 + 2*n + 2. Let f(k) = -7*g(k) + 6*w(k). Calculate f(3).
7
Suppose o + 2 = 2*o. Suppose -5*w = 4*i - 21, -w - o*i + 21 = 3*i. Let d(n) = 6*n**2. Give d(w).
6
Suppose 0 = -2*p - p - 2*h - 31, -p - 2*h - 17 = 0. Let w(v) = -v - 4. What is w(p)?
3
Let p(o) = -o - 4. Suppose 140 = 2*w + 2*w. Suppose -d + 13 = -3*h, -3*h = 2*h + 5*d + w. What is p(h)?
1
Suppose 0 = -5*b + 4*s + 37, 2*b + 3*s = -0*s + 1. Let j(m) = b*m - 3*m - 3 + 1. Let f be -1*(-2 + (-3)/1). Give j(f).
8
Let n(d) = -3*d. Let u(i) = -i. Let b(r) = -n(r) + u(r). Calculate b(-4).
-8
Let t(p) = 8*p**2 + 6*p + 3. Let k(i) = 7*i**2 + 5*i + 2. Let y(o) = 5*k(o) - 4*t(o). Let b(l) be the first derivative of y(l). Give b(1).
7
Let i(u) = -u**2 + 1. Let p be i(0). Let d(n) = n**3 - 3*n**2 - 11*n - 1. Let c(h) = -h - 1. Let g(q) = p*d(q) - 5*c(q). Calculate g(4).
-4
Let w(d) = d + 6. Let p be w(-6). Let s(h) be the second derivative of h**5/20 + h**4/12 - 4*h**2 + h. What is s(p)?
-8
Let k(i) = i - 2. Suppose -5*u + 8 + 2 = 0. Let t be (-1 + u)/((-2)/(-12)). Give k(t).
4
Let o(v) be the third derivative of v**6/120 + v**5/20 - v**4/8 - v**3/2 + 4*v**2. Determine o(-3).
6
Suppose 17 + 39 = -7*a. Let t(n) = -n - 5. What is t(a)?
3
Let o(m) = -m**3 + m**2 + 3*m + 2. Let g = 10 - 6. Let s(i) = -i**3 + 3*i**2 + 6*i - 4. Let b be s(g). Suppose 12 = 8*n - b*n. Calculate o(n).
-7
Let r(y) be the second derivative of y**3/6 - 6*y**2 + 2*y. Suppose j = -j. Calculate r(j).
-12
Let l(x) = -6*x**2 + 6*x + 4. Let u(k) = -k**3 + 7*k**2 - 7*k - 5. Let t(r) = 6*l(r) + 5*u(r). Suppose 67 - 22 = 5*q. Let b be 6/q - 1/(-3). Give t(b).
-6
Let l = 27 + -31. Let q(s) be the first derivative of s**3/3 + s**2 - 2*s + 3. Determine q(l).
6
Let v be (24/(-18))/((-4)/18). Suppose -3*m + 12 = 0, -2*a + 3*m = -v*a + 12. Let q(r) = r**2 + r - 4. Calculate q(a).
-4
Let f(i) = -i**2 + 2*i + 3. Let q(l) = -l**2 - 5*l - 2. Let x be q(-2). Calculate f(x).
-5
Suppose -3*a = 4*p - 6*a + 22, 2*p - 3*a = -14. Let z(n) = -3*n**2 - 4*n + 6. Let h(k) = -k**2. Let o(d) = p*h(d) + z(d). Give o(4).
6
Let q(n) = 2*n**2 - 5*n - 3. Let c(j) = 5*j - 35 + 38 - j**2 + 0*j**2. Let p(a) = -3*c(a) - 2*q(a). Calculate p(-5).
-3
Let b(p) = p**2 - 5*p + 4. Let h be (0 - -1)*(0 - -2). Suppose h*f = 3*f. Let u be (-1 - -6)*(f - -1). Calculate b(u).
4
Let g(f) = -f + 5. Suppose 36*w = 41*w. Determine g(w).
5
Suppose a + 3*a = 4, -5*a + 7 = 2*w. Suppose -q = 3 - w, 5*q + 10 = 5*o. Let g(t) = -t**3 + t**2 - 4. Give g(o).
-4
Let q(p) = 2*p**3 - 4*p**2 - p. Suppose -15 = 3*f, 4*t = -5*f - 21 + 8. Calculate q(t).
15
Let y be (-12)/(-8) + (-1)/(-2). Let w(h) = -h**3 + h. Calculate w(y).
-6
Suppose -s = 3 + 1. Let b(z) = -z**2 - z. Let f(a) = 5*a**2 + 4*a + 5. Let p(w) = -6*b(w) - f(w). Let k be p(s). Let m(j) = -j**3 + 4*j**2 - 4*j + 1. Give m(k).
-2
Let i(a) = 7*a. Let f be i(-2). Suppose 2*y - 4*y = -3*j - 92, -4*j - 5*y - 161 = 0. Let w be j/10 - f/35. Let p(c) = -c**2 - 2*c + 2. Give p(w).
-1
Let v(a) = 3*a - a**2 + 8 - 1 - 2. Give v(5).
-5
Let l(m) = -134*m**2 - 4*m + 133*m**2 - 5*m + m + 1. Give l(-6).
13
Let p be (-2)/(-9) + (-55)/45. Let a(l) = -3*l**3 - l**2. Calculate a(p).
2
Let r(q) = -2*q + 1. Let y(p) = 4*p. Let z be y(1). Let x be 3/(6/4) - -2. Suppose -z*k - 4 = x. What is r(k)?
5
Let w = 0 - -5. Let u(o) = -3*o**3 - 2*o**2 - o + 4. Let a(j) = 7*j**3 + 3*j**2 + 2*j - 9. Let b(n) = w*u(n) + 2*a(n). Let z = 2 - 5. Calculate b(z).
-4
Suppose 0 = 3*k + i + 13, -3*k - 15 = -2*k - 5*i. Let a(q) = -2*q - 1. Determine a(k).
9
Let n(h) be the third derivative of h**6/120 + h**5/12 + 5*h**4/24 + 2*h**3/3 - 12*h**2. Give n(-3).
7
Let c = -13 + 16. Suppose -2*d + u + 6 = c*u, -5*d + 12 = 2*u. Let a(m) = -m**2 + 2*m - 3. What is a(d)?
-3
Let v(c) be the third derivative of c**5/60 - c**4/6 + c**3/2 + 6*c**2. Give v(2).
-1
Suppose -8 + 28 = 5*i - 3*z, 4*z = -i + 4. Let s = i + -7. Let t(q) be the third derivative of q**6/120 + q**5/12 + q**4/8 - 2*q**3/3 - q**2. What is t(s)?
5
Let b(f) = -f**2 + 6*f. Let a(n) = n**3 + 10*n**2 - 11*n - 2. Let d be a(-11). Let w be (-2)/((-2)/(-4)*-2). Let u be (d/(-4))/(w/24). Determine b(u).
0
Let n(y) = -y**3 + 7*y**2 - 6. Let v = -4 - -8. Let j = v + 3. Let o be n(j). Let k(h) = h**3 + 5*h**2 - 7*h. What is k(o)?
6
Let j(b) = 15*b**3 + 2*b + 1. Suppose -8 = -4*u + 2*p - 10, 0 = -4*u + 5*p + 1. Give j(u).
-16
Let v(u) be the third derivative of -u**4/24 - 11*u**3/6 + u**2. Let o be (-1 - 1)/2*0. Determine v(o).
-11
Let o(t) = t**3 + 2*t**2 + 2. Let h(l) = -3*l**3 + 2*l + 1. Let p be h(-1). Let a be (10 + 2 + -2)/2. Let d = p - a. What is o(d)?
-7
Let f be 1 - 0 - (-2 + 1). Let r(j) = 2*j**2 - 18*j - 4. Let d(v)